6 - r**2/2 - r. Let s be -2*((-1)/2 - 1). List the prime factors of a(s).
2
Let g(r) = 3*r - 1. Let t = 6 - 4. What are the prime factors of g(t)?
5
Let j(b) = -b**3 - 2*b**2 + b - 4. Let d be j(-3). Suppose r - 33 = -d*r. List the prime factors of r.
11
Let l = -5 + 5. Suppose -2*n + f + l*f = -24, 5*n - 86 = -4*f. What are the prime factors of n?
2, 7
List the prime factors of 4156/48*3 - (-6)/(-8).
7, 37
Suppose -2*j + 0 = 2*q - 24, -3*j + 4*q + 8 = 0. List the prime factors of j.
2
What are the prime factors of 16218/54 + (-1)/3?
2, 3, 5
Suppose 4*g + 14 = 438. What are the prime factors of g?
2, 53
Suppose 3*k - 185 = -5*a, 0 = -0*a + 5*a + 2*k - 190. What are the prime factors of a?
2, 5
Let n(u) = -u**3 - 5*u**2 - 7*u + 1. Let v be n(-5). Suppose -f - v = -4*f. List the prime factors of f.
2, 3
Let g be (-1)/(-3) - (-24)/9. Suppose d = -5*o - 4*d + 55, d - 27 = -g*o. List the prime factors of o.
2
Let q = 0 - -5. Let x(o) = -o. Let a be x(-3). Suppose m - l + 9 = -4*l, -27 = -q*m + a*l. List the prime factors of m.
3
Suppose m - 12 = 18. What are the prime factors of m?
2, 3, 5
Let f(i) = -320*i**3 - i**2 - i. List the prime factors of f(-1).
2, 5
Let q be (-6)/(-16)*2*16. Suppose -3*g = -3*x + q, 14 = 4*x - g - 17. List the prime factors of x.
3
Let x(w) = w**2 - 4*w - 7. Let f be x(5). Suppose 0 = 3*l - 2*l + 12. List the prime factors of l/(-2)*(-1)/f.
3
Suppose 0 = 5*o + 3*y - 28 + 2, -4*o = y - 18. Let s be ((o - -2) + -2)/2. Let i = s - -1. List the prime factors of i.
3
Let h be (7 - -1)*3/4. Let k be h/(-15) + (-86)/10. List the prime factors of (24/k)/(4/(-18)).
2, 3
Let r = 26 + -18. What are the prime factors of r?
2
Let g be (-12)/5*20/(-6). Let w = g + -5. Suppose 0 = w*l + 5*r + 8, -4*l - 12 = -6*l + r. What are the prime factors of l?
2
Let g(w) = -w**2 + 24*w - 10. List the prime factors of g(18).
2, 7
Let i(j) = 4*j**2 - 2*j + 15. List the prime factors of i(5).
3, 5, 7
Let a(g) = -g**3 + 7*g**2 + 7. List the prime factors of a(7).
7
Let o(l) = -l**2 - 9*l - 5. Let j be o(-8). Suppose -j*z - x - 1 = 3, z - x + 4 = 0. List the prime factors of ((-55)/15)/(z/6).
11
Let p(i) = 20*i + 1. List the prime factors of p(1).
3, 7
Suppose -6*t = -4*t - 16. What are the prime factors of t?
2
Let g = -2 - -5. Suppose 0 = -i - 1 + g. List the prime factors of i.
2
Let o(j) = -12*j**3 - 3*j**2 - 4*j - 10. List the prime factors of o(-3).
13, 23
Let a = 59 + -41. Suppose -2 = 4*o - a. Suppose -5*g + 95 = 5*s - 0*s, 0 = o*g - s - 56. What are the prime factors of g?
3, 5
Let n(l) be the third derivative of 7*l**5/30 + l**4/24 + l**3/6 - 3*l**2. List the prime factors of n(-1).
2, 7
Suppose -2 = -4*f + 3*m, -2*m - 3*m = -10. List the prime factors of f.
2
Let z be (1 + -2 + -4)/(-1). Suppose -209 = -z*c - 69. What are the prime factors of ((-2)/(-2))/(4/c)?
7
Let n(c) = -c**3 - 5*c**2 - 6*c - 6. What are the prime factors of n(-5)?
2, 3
Let n(z) = -5 + 4 - z + 3*z. Let h be n(2). Suppose -h*u = u - 56. What are the prime factors of u?
2, 7
What are the prime factors of ((-8)/12 + 5)*33?
11, 13
Suppose -2*q = -2 - 2. Suppose -5*m + 27 = q. What are the prime factors of m?
5
Suppose -k + 4*p = -7 - 49, -5*p = -4*k + 169. List the prime factors of 4/18 - (-100)/k.
3
Let y(b) = 4*b**2 - 9*b - 5. List the prime factors of y(-3).
2, 29
Suppose 0 = 2*m + 3*m - 20, 0 = q - 3*m + 10. Let f = q - -37. List the prime factors of f.
3, 13
Let n(l) = 13*l**2 - 4*l + 7. List the prime factors of n(4).
199
Let r = 13 - 13. Suppose r = 2*t + 4*l - 44, 0 = 4*t + 5*l - 7 - 87. List the prime factors of t.
2, 13
Let o = 2 + 1. Suppose q = -5, o*u + u - 41 = 5*q. Suppose u*a + 17 = 49. List the prime factors of a.
2
Suppose 3*y - 4*x = -59 + 378, 2*x = y - 103. List the prime factors of y.
113
Let s(a) = 17*a**2 - a. What are the prime factors of s(2)?
2, 3, 11
Let q(w) be the first derivative of w**4/4 + 4*w**3/3 - 3*w**2/2 + 6*w + 2. Let v be q(-5). What are the prime factors of 83/5 + v/(-10)?
17
Suppose 3*d = 4*d - 10. List the prime factors of ((-5)/d)/((-1)/64).
2
Suppose -3*v = -6*v + 96. Suppose 5*q = 63 + v. What are the prime factors of q?
19
Let u = -5 + 1. Let n(h) = -3*h. What are the prime factors of n(u)?
2, 3
Let w(n) = -11*n - 1. Let u be w(1). What are the prime factors of (-3*40/u)/1?
2, 5
Suppose -3*g = -8*g + 10, -2*m + 5*g + 136 = 0. What are the prime factors of m?
73
Let z be (-2)/4 - 50/(-20). Suppose -u + 22 = z. What are the prime factors of u?
2, 5
Let p = -15 - -20. Let l = p - 2. What are the prime factors of l?
3
Suppose 0 = -3*d + d - 2. Let k be -3 - d*16/2. Suppose 2*t - k = 27. List the prime factors of t.
2
Suppose -2*z + 4 + 0 = 0. Let y(t) = 3 - 3 + z + 8 - t. List the prime factors of y(-7).
17
What are the prime factors of (8 - 4)*(-1100)/(-16)?
5, 11
Let c be (3 - (-8)/(-3))*-6. Let m be c/5 - 35/(-25). Suppose -j = -1 - m. List the prime factors of j.
2
Suppose -5*q + 4*r = 3*r - 10, 10 = 2*r. Let c be 0 + 0 - (q + -2). List the prime factors of 1/(c + 30/27).
3
Let w(b) = -2*b - 1. List the prime factors of w(-2).
3
Let j(h) = 6*h - 8. What are the prime factors of j(7)?
2, 17
List the prime factors of -174*9/((-54)/8).
2, 29
Let s(i) = i**3 - i**2 + i - 1. Let t be s(5). Suppose c + 79 = 4*l, -4*l - 2*c - 2*c = -t. List the prime factors of l.
3, 7
Let k(y) = y**2 + 8*y + 4. Let q be k(-9). Suppose x = -5*o - 40, o - x - q = 3*x. Let c = o - -10. What are the prime factors of c?
3
Let s(a) = 51*a**3 - a**2 + 3*a - 1. What are the prime factors of s(1)?
2, 13
Let w(c) = 3*c**2 + 2. Let a be 2/9 - 48/(-27). Let y be w(a). Suppose 2*s = 4*s - y. What are the prime factors of s?
7
Suppose 6*v - v = 0. Let j(r) = -7*r. Let g be j(-3). Suppose g = 4*x - c, -x - c = -9 - v. List the prime factors of x.
2, 3
List the prime factors of (2506/28)/(2/4).
179
Suppose 1185 + 215 = 7*c. List the prime factors of c.
2, 5
Suppose -2*r + 38 = -3*k, -4*k - k - 42 = 2*r. Let a(q) = -3*q - 7. List the prime factors of a(k).
23
Suppose 3*g - 471 - 471 = 0. List the prime factors of g.
2, 157
Let a(o) = -o. Let x be a(-2). Let g(b) = -2*b**2 + x + b**2 + 2*b**2 + 5*b. What are the prime factors of g(-6)?
2
Let k(s) = 6*s**2 + 10*s. List the prime factors of k(-4).
2, 7
Suppose 5*g - 20 = -3*t, 3*g - 3*t = 2*g + 22. Let n = g - -1. What are the prime factors of n?
2
Let p(h) = h**3 - 6*h**2 + 6*h - 6. Let o be p(5). Let b(v) = 3 - 4 - 5*v**2 + 16*v**2. List the prime factors of b(o).
2, 5
Let r(g) = -g + 5. Let b be r(0). Let w be 28 - 1 - 0/(-1). List the prime factors of w/5 - 2/b.
5
Let i = -17 + 17. Suppose 3*o + 6 = i, -n = -2*o - 7 - 6. What are the prime factors of n?
3
Suppose 0*f - 3*f = 0. Suppose 33 = 3*t - f*p + 4*p, 2*t = p + 33. List the prime factors of t.
3, 5
Let s(a) be the second derivative of -a**3/6 + 7*a**2/2 - 2*a. Let x = 1 + 4. List the prime factors of s(x).
2
Suppose 0*f + 237 = 3*f. What are the prime factors of f?
79
Let k = -20 - -20. Suppose 0 = -k*f - 5*f + 5*a + 110, 5*f + 4*a = 101. What are the prime factors of f?
3, 7
Suppose 4*q - 36 = 2*q + g, -4*g = q - 36. Let b = q - 11. Suppose 0*u + 5*s - 18 = -2*u, 0 = u + 4*s - b. List the prime factors of u.
3
Let m(h) = h**3 + 5*h**2 + 4*h + 1. Let d be m(-4). List the prime factors of d - (0 + -7 + 0).
2
Let g = 23 - 44. Let y be (g - -3)*2/(-6). Suppose 4*f - y*f + 26 = 0. What are the prime factors of f?
13
Let s(m) = 15*m + 1. Let f(v) = v**2. Let d be f(1). List the prime factors of s(d).
2
Suppose -2*w - 2*k - 97 = -249, 5*w + k = 388. Suppose -a + 3*g + 47 = 0, 77 = 5*a + g - w. What are the prime factors of a?
2
Suppose -5*m - 3*j + 410 = -4*j, -4*m = -3*j - 339. Let o = m + -36. List the prime factors of o.
3, 5
Let x(o) = o**3 - 4*o**2 - 4*o + 9. List the prime factors of x(6).
3, 19
Suppose 5 - 4 = -o. Let p = -5 + 3. What are the prime factors of o/((-2)/(8 - p))?
5
Let r(l) = l + 18. List the prime factors of r(18).
2, 3
Let n(k) = 7*k - 1. Let f be n(1). Suppose s - f*s = 0. Suppose -2*b + 2 + 2 = s. What are the prime factors of b?
2
Suppose 3*h + 12 - 24 = 0. Suppose -v = -3*w + 159, 0 = -5*v + 19 - h. List the prime factors of w.
2, 3
Let m = 6 + -6. Suppose -3*l + 0*l + 6 = 0. Suppose m*y - y = -4*a - 10, -2*y + 14 = -l*a. List the prim